 the prime factors of x?
5, 31
Let m(d) = 15*d**2 + 16*d + 131. List the prime factors of m(-12).
2099
Suppose 27 = -20*z + 207. Let d(c) = c**3 - 8*c**2 - 7*c - 22. Let o be d(z). Let h(u) = 3*u**2 + u + 8. What are the prime factors of h(o)?
2, 13
Suppose 0 = 73*a - 51*a. Suppose 0 = -5*k - j + 90, a = -k - j - 0*j + 14. List the prime factors of k.
19
Suppose -5*u = -25*u - 5*u + 372100. What are the prime factors of u?
2, 61
Suppose 3*a + 18 = 6*a. Let n(d) = 2*d**2 + 64*d + 173. Let c be n(-29). What are the prime factors of a/(95/90 + c)?
2, 3
Let y = 137 + -134. Suppose 2*l - 563 = 5*m, -5*l - 334 = y*m - 10*l. Let v = 308 + m. What are the prime factors of v?
3, 5, 13
Let j = 2002 - -1390. List the prime factors of j.
2, 53
Let b(z) = 84*z**3 + 9*z**2 - 17*z + 16. List the prime factors of b(6).
2, 7, 13, 101
Let k(w) = -w**2 - 14*w + 15. Let z = -57 - -37. Let l be k(z). Let j = -54 - l. What are the prime factors of j?
3, 17
Suppose 36*z - 180 = -9*z. Suppose -5*m - 2539 = -4*s - 6362, -z*s = -2*m + 1534. What are the prime factors of m?
7, 109
Suppose 26*k = 22*k + 3*h + 43672, -4*k + 43672 = -h. List the prime factors of -1*(k/(-21) - (-20)/(-210)).
2, 5, 13
Suppose t + 1 = -5*o, -3*t + 2*o + 12 = -2. Let i be t + 1 + -3 + 61. Let k = i + 24. List the prime factors of k.
3, 29
Suppose 74*t + 10 = 79*t. List the prime factors of (t/(-2) - -487) + -2.
2, 11
Suppose 3*v = t + 9, -4*v = -0*v - 2*t - 14. Suppose 5*b - 2061 = -v*w, 4*b + 0*w = -w + 1650. What are the prime factors of b?
7, 59
Let i be 22/6 - -2 - 1/(-3). Let w(u) = 26*u**2 - 4*u + 15. Let r be w(i). Suppose -6*t - 911 = -11*t - x, 0 = -5*t + 3*x + r. What are the prime factors of t?
3, 61
Let i be (1 - (2 + -2 + -1))*-2. Let q be i/(-4) + 9*(4 - 3). Let s = 10 + q. What are the prime factors of s?
2, 5
Let b be -6*((-1032)/16 - 4). Suppose 4 = -k, b = -4*l + 2*k + 1355. List the prime factors of l.
2, 3, 13
Suppose 10*n - 735 = 5*i + 7*n, 2*i + 3*n = -315. Let l = 36 - 20. What are the prime factors of l - 20 - i/2?
71
Let i = -152 + 156. Suppose 3*d = 4*w - 346 - 2327, i*w + 2*d - 2698 = 0. List the prime factors of w.
2, 3, 7
What are the prime factors of -49055*(-10)/25*(-10)/(-20)?
9811
Suppose 2*r - 6*d - 10824 = 0, -5*r + 27088 = -5*d + 4*d. What are the prime factors of r?
2, 3, 7, 43
Suppose 26*q + 84 = 214. Suppose o - q*m - 374 = 0, 737 - 1846 = -3*o + 2*m. What are the prime factors of o?
3, 41
Suppose 3*v - 21 = -3*k - 3, 4*v + 5*k = 28. Suppose 13*d + 4550 = 16*d - 4*h, -5*d + 7602 = -v*h. What are the prime factors of d?
2, 761
Let y(p) = -p**3 - 8*p**2 + 82*p + 59. List the prime factors of y(-30).
127, 137
Suppose k + 3*m = 3 - 4, 5*m = 4*k - 30. Let x(j) = -7*j + 42. Let f be x(k). Suppose -f*b + 2*b + 185 = 0. What are the prime factors of b?
37
Let c = 15300 - 6290. What are the prime factors of c?
2, 5, 17, 53
Suppose 0 = -114*z - 47*z + 814016. What are the prime factors of z?
2, 79
Suppose 3*j + 13 = 2*j - 4*z, j + 5*z = -18. Suppose j*r - 1985 = -466. List the prime factors of r.
7, 31
Let d(a) = 104*a**2 + 522*a + 35. What are the prime factors of d(8)?
10867
Let x(c) = c**3 - 29*c**2 - 198*c + 347. List the prime factors of x(43).
13, 29, 47
Suppose 4*m = 2 + 14. Let b(d) be the first derivative of 4*d**3/3 - 2*d**2 - 4*d - 4. What are the prime factors of b(m)?
2, 11
Suppose -26*h - 2193555 = -41*h - 50*h. List the prime factors of h.
3, 7, 1607
Let l(q) = 408*q**2 + 10*q - 36. List the prime factors of l(3).
2, 3, 13, 47
Let x(t) = -4*t**3 + 46*t**2 + 9*t + 6. Suppose 21*j - 225 = 6. What are the prime factors of x(j)?
347
Let y(v) = -1 - 11*v - 6*v + 16*v + 3. Let j be y(-5). Suppose -348 = -5*t - j*t. List the prime factors of t.
29
Let d be 3 + (-3 - (-1426)/(-2)). Let b = d - -422. List the prime factors of (2/(-6))/(1/b).
97
Let z be ((-60624)/648)/(2/(-18)). Let d = z - -1024. What are the prime factors of d?
2, 3, 311
Suppose -21 = -4*t - 9, -2*j + 14471 = t. What are the prime factors of (-33)/(-44) + j/8?
5, 181
Suppose -1270*z + 1301*z = 562712. What are the prime factors of z?
2, 2269
Let l be (6/4)/(4*18/480). Suppose -l*s + 7*s - 1048 = -4*t, -5*s = 0. List the prime factors of t.
2, 131
Let n(j) = -j**2 - 21*j + 72. Let l be n(-33). Suppose -2*o - 5*q + 936 = 0, -3*o + 3*q + 1404 = -0*o. Let d = l + o. List the prime factors of d.
2, 3
Suppose 4*u - 2*r - 244530 = 0, -6*r + 7*r = -3*u + 183380. What are the prime factors of u?
61129
Let x be 6*6*1/9. Suppose -x*m = q - 3*q - 74, 4*m = 5*q + 83. Suppose -c + m = -17. What are the prime factors of c?
2, 17
Let j = -5386 + 17454. What are the prime factors of j?
2, 7, 431
Let v = 38413 - 21779. What are the prime factors of v?
2, 8317
Suppose -13*m - 326 = -15*m. Suppose 4*c - 73 - m = 0. Suppose 369 = 5*s + c. List the prime factors of s.
2, 31
Let r(b) = 3*b + 218 + 0*b + 13*b - 8. What are the prime factors of r(-10)?
2, 5
Suppose 3*h + 5*l = 275, 3*h = -3*l + 255 + 24. Suppose -h = 2*o - 65. Let m(n) = n**3 + 16*n**2 + 9*n + 33. What are the prime factors of m(o)?
3, 41
Let q = 776 - 774. What are the prime factors of (3222/12 - -2)*q?
541
Let b(v) = 19*v**2 + v - 68. What are the prime factors of b(-8)?
2, 3, 5, 19
Let y(f) = -9*f - 4 - 6*f - 10 + 17*f. Let l be y(8). Suppose 0 = -2*n - 0*o + o + 82, -2*n = -l*o - 86. What are the prime factors of n?
3, 13
Let y(r) = -r**2 - 10*r + 30. Let j be y(-12). Let s(z) = z**3 + 4*z**2 - z + 7. What are the prime factors of s(j)?
19
Let s = -35 + 84. Let t = s - 46. Suppose -t*a = -255 + 51. What are the prime factors of a?
2, 17
Let q(o) = 11*o**2 + 32*o. Let r be q(6). Suppose 10*s - 12*s - 3*j + r = 0, -4*j = 8. Let a = s + -35. What are the prime factors of a?
2, 131
List the prime factors of ((-8072)/(-14))/(23/(2093/26)).
2, 1009
List the prime factors of 47444 + (120/12 - -9).
3, 13, 1217
Suppose -2*c = -3 - 1. Let k be 105 + (0 - (3 - c)). Suppose -3*x + 305 - k = 0. What are the prime factors of x?
67
Let r(h) = -1302*h + 3. Let t be r(-1). Suppose v - 3*x = -2*v + 1962, x - t = -2*v. What are the prime factors of v?
653
List the prime factors of ((-69)/(-4))/(717/1673000).
2, 5, 7, 23
Let j = 989 + 1964. List the prime factors of j.
2953
Let d(m) = m**3 - 11*m**2 - 29*m + 39. Let w be d(13). Suppose 0 = 4*s + 5*i - 1297, 17*s - 18*s - 4*i + 338 = w. What are the prime factors of s?
2, 3, 53
Suppose 13097 = 5*m + 6*s - 1789, 2*m - 5944 = -5*s. What are the prime factors of m?
2, 3, 7, 71
Let i be (-40)/(-120) - -131*1/3. Let v be (-606)/66 + 8/i. Let y = v + 28. List the prime factors of y.
19
Let f(i) = -473*i - 4831. List the prime factors of f(-25).
2, 13, 269
Suppose 4*v + 762 - 122 = -4*g, -3*v + 450 = -3*g. Let j = g + 640. What are the prime factors of j?
5, 97
Let t be (-1)/28*-12 + 93/(-21). List the prime factors of (26 - (t + 9))/(6/102).
3, 7, 17
Let s = 31760 + -29939. What are the prime factors of s?
3, 607
Suppose 26*u + 11*u = 445056 - 175400. What are the prime factors of u?
2, 911
Let j = 70 - -151. Let f = -146 + j. List the prime factors of f.
3, 5
Let b = -100 + 109. Suppose a - 1456 = 4*q, 0 = 3*q + b - 21. What are the prime factors of a?
2, 23
Let x(d) = -20*d**2 - d - 6. Let q(h) = 39*h**2 + 2*h + 10. Let j(g) = 6*q(g) + 11*x(g). List the prime factors of j(-5).
3, 113
Suppose 3*l = -9, 0 = -2*k + 2*l - l + 57. Let o = k - 30. Let n = 161 - o. List the prime factors of n.
2, 41
Let g(h) = h**3 + 16*h**2 - 26*h - 76. Let j(s) = -s + 1. Let w be j(15). What are the prime factors of g(w)?
2, 5, 17
Let y be (2 - -115)*(1 + -2). Let j(v) = -24*v + 10. Let f be j(-7). Let m = f + y. List the prime factors of m.
61
What are the prime factors of ((-2175)/(-58) + -33)/(-1*1/(-3374))?
3, 7, 241
Suppose -56 = 5*y + 309. Let p(o) = 6*o**3 - 2*o**2 - 3*o + 3. Let u be p(3). Let m = y + u. List the prime factors of m.
5, 13
Let d be (124/10)/(5/25). Let r(u) = 62*u - d*u + 1 + 31*u**2. List the prime factors of r(-1).
2
Suppose 0 = 2*a - 10, 3*g = 5*a - 8 - 2. Suppose -14*o - 8415 = -19*o - 5*v, -o + 1703 = g*v. What are the prime factors of o?
2, 839
Suppose r + 3*q + 17 = -r, 23 = -3*r - 2*q. Let o(c) = 4*c**2 + 40*c + 12 + 30*c - 3*c**2 + 40*c - 109*c. List the prime factors of o(r).
2, 3
Let r(p) = -6*p + 47.